, 0 = 5*t + 5*z - 45. Suppose 6*i + 137 = -469. Let a = -61 - i. Calculate the greatest common factor of t and a.
5
Suppose -2*w - 28*o + 8 = -32*o, 0 = 5*o - 15. Suppose -3*f + 10 = -20. Calculate the highest common factor of f and w.
10
Let j(v) = -33*v - 27. Let f(z) = 16*z + 14. Let u(n) = -5*f(n) - 3*j(n). Let r be u(9). What is the highest common factor of r and 14?
14
Suppose -18 = -2*i + 48. Let o be 1 + 7 + (75 - 80). Calculate the highest common factor of i and o.
3
Let q(m) = 2*m + 5. Let l be q(-27). Let h = 89 + l. Calculate the greatest common divisor of h and 5.
5
Let k(o) = -o**3 + o + 10. Let p be k(0). Suppose -2*j + 4*j = -5*l - 108, -3*l + 4*j = 70. Let g = 32 + l. What is the highest common divisor of g and p?
10
Let g be (-4 + 1)*((-11)/3 + 3). Let y be (-3 - g)/(3/(-9)). Calculate the greatest common divisor of y and 15.
15
Let b(g) = g - 2. Let f be b(6). Let t be 4 + 84/(-3 - 0). Let o be (t/(-14))/(f/14). Calculate the greatest common factor of 36 and o.
6
Let i = 515 - 477. What is the greatest common factor of i and 950?
38
Suppose 2*u - 4 - 8 = 0. Suppose 0 = 2*n + 6, 2*o - n - 29 = -u*n. Let h be 8/16 + 614/4. Calculate the greatest common factor of o and h.
22
Let l(f) = 12*f - 84. Let y be l(13). Suppose j - 2*b = -9, 20 = -2*j - 5*b + 2. Let x be ((-6)/j)/((-2)/(-72)). What is the greatest common divisor of x and y?
24
Let s = -195 + 1070. What is the highest common factor of s and 35?
35
Let l = -38 - -78. Calculate the highest common factor of 48 and l.
8
Let w = 592 + -484. Let d be (-28)/(-2) + (-4)/2. What is the greatest common divisor of d and w?
12
Let u = -7 - -11. Let v be (1 - 1) + 63 + 2. Suppose -w = u*w - v. What is the highest common factor of 39 and w?
13
Let q be (-6)/(-21) + (-474)/(-7). Let b = -7 + 10. Let t = b - -14. Calculate the greatest common divisor of t and q.
17
Let w be 1 + 1 + -2 + 810. Suppose -8*s + w = -3*s. Calculate the greatest common divisor of 18 and s.
18
Suppose 0 = -i - i + 4. Suppose -i*s - 9 = -5*s. Suppose -3*x - s + 15 = 0. What is the greatest common divisor of 1 and x?
1
Suppose 78 = -3*g + 9*g. What is the greatest common factor of g and 52?
13
Let i(r) = r**2 - 3*r + 3. Let k be i(12). Calculate the greatest common factor of k and 185.
37
Suppose 3*d - 3 = 4*f, 2*f + 2*d = -3*f + 2. Let z be (-378)/(-3)*(1 - f). Let a be ((-4)/(-3))/((-2)/(-21)). Calculate the greatest common factor of z and a.
14
Let p(k) = -2*k**3 - 5*k**2 + 30*k + 12. Let l be p(-6). What is the greatest common factor of l and 1218?
42
Let t be 17/2*(-4 - -22). Let l(o) = -124*o - 1578. Let x be l(-13). What is the greatest common factor of t and x?
17
Let n = 49 - 17. Let p = 816 - 792. Calculate the greatest common factor of p and n.
8
Suppose 727 = 4*c - 1257. What is the greatest common factor of c and 31?
31
Let x(u) = u**2 + 10*u + 96. Let t be x(-9). What is the greatest common factor of 116 and t?
29
Let y(q) = q**3 - 29*q**2 - 48*q - 64. Let t be y(31). Calculate the greatest common divisor of t and 70.
10
Suppose -4*v - 3 - 65 = -2*b, 3*b - 5*v - 100 = 0. What is the greatest common factor of 150 and b?
30
Let t = 2319 + -2139. What is the highest common divisor of 240 and t?
60
Let g be 30/4 + 66/44. Calculate the greatest common divisor of g and 2502.
9
Suppose 5*t - 42 = 2*t. Let c be (7*18/105)/((-9)/(-210)). What is the highest common divisor of c and t?
14
Let k(m) = 9*m + 23. Let i be k(4). Suppose i*b + 48 = 65*b. What is the greatest common factor of 40 and b?
8
Let i(j) = -j**3 - 6*j**2 - 9*j + 4. Let s be i(-5). What is the greatest common factor of s and 108?
12
Let o be (-19 + 24)*(-12)/10 - -43 - 6. Suppose 2*s - 62 = 2*v, 4*s + 3*v = 85 + 39. Calculate the highest common factor of s and o.
31
Let b = 22 + -20. Suppose -b*f + 18 = -94. Suppose -o - 2*n + 14 = 0, 3*n = 5*n. Calculate the greatest common factor of f and o.
14
Suppose 4*z + 3*p = 476, 2*z = -3*z + 2*p + 595. Calculate the greatest common factor of 34 and z.
17
Let c(n) = 2*n**2 + 2*n - 5. Let y = 39 - 34. Let p be c(y). What is the greatest common factor of p and 22?
11
Suppose -30*c = -29*c - 774. Calculate the highest common divisor of 18 and c.
18
Let n = 78 + -14. What is the highest common divisor of n and 224?
32
Let m = -2 - 2. Let f be -1*(0 + m/2). Let b be (32/12)/(8/12). Calculate the greatest common factor of b and f.
2
Suppose 1466 = -8*j - 5510. Let r be j/(-18) + 60/(-135). Calculate the greatest common divisor of r and 60.
12
Suppose -18*d = -23*d + 840. What is the highest common factor of 21 and d?
21
Let p = 1304 - 1282. Calculate the highest common factor of 1881 and p.
11
Let x be ((-3)/(-2))/((-6)/(-8)). Suppose -5*k + 54 = 4*s - 95, -3*s + 110 = x*k. What is the highest common divisor of 18 and s?
18
Suppose -7*a + 1825 = -2*a + 5*b, 0 = 2*a - 5*b - 723. What is the highest common divisor of 208 and a?
52
Suppose 4*y = 86 - 10. Suppose 0 = 3*k - 5*q - 58, -2*k = 2*k + 4*q - 88. Suppose -y = -o + k. Calculate the highest common factor of o and 16.
8
Suppose -4*m - 233 = 47. Let a be m*((-5)/(-2))/(-5). Suppose 5*v - l = v + a, -5*v + 42 = -3*l. Calculate the highest common divisor of 6 and v.
3
Suppose 2*p + 3*p - 180 = -3*x, 64 = x + 3*p. What is the greatest common factor of x and 77?
11
Let k = 30 + -24. Suppose -2*y = -q + 5*q - k, 0 = -5*q - 2*y + 8. What is the highest common divisor of q and 18?
2
Let c be (158 - 3)*4/(-10). Let b = -145 - c. Let u be 1*-2 - (b - -9). What is the highest common factor of 8 and u?
8
Let n be ((-54936)/21)/(3/(-2)). Suppose 4*p = -4*w + n, -2*w - 5*p + 275 + 585 = 0. Calculate the greatest common divisor of w and 40.
40
Suppose 2*o - 3 = 1. Suppose 0*l + l = -o. Let m be -1 + 11 + l + -2. What is the highest common divisor of m and 54?
6
Let r = 1079 - 1059. What is the highest common divisor of 230 and r?
10
Suppose 25 = 7*b - 80. Let k = b + 51. What is the highest common divisor of k and 22?
22
Let h(n) = n**2 - 3*n - 22. Let r be h(8). Suppose -19*w + 16*w = -r. What is the highest common divisor of w and 48?
6
Suppose -i + 2*o = -11, -4*i + 53 = o - 6*o. Suppose 0 = -13*s - 518 + 2949. Calculate the highest common factor of i and s.
17
Let d be 4/1 + -2 - 14. Let p be (-4)/d - (-251)/3. Calculate the highest common divisor of 28 and p.
28
Let u(p) = p**3 - 16*p**2 - 31*p - 48. Let r be u(18). What is the greatest common factor of 24 and r?
6
Let o = -90 - -153. Suppose -5*y + 19 = -2*w + 51, 4*y + o = 5*w. Suppose 10*g + 55 = w*g. Calculate the highest common divisor of 5 and g.
5
Let p = 3700 - 3173. Calculate the highest common divisor of p and 51.
17
Suppose 5*v + 247 = 267. What is the greatest common divisor of v and 1?
1
Let o = -13 + 12. Let f(b) = -49*b - 1. Let z be f(o). Calculate the highest common divisor of z and 3.
3
Suppose 346 = 25*u - 54. What is the greatest common factor of 2448 and u?
16
Suppose 60 = -0*k + 5*k. Let v(p) = 16*p + 528. Let u be v(-27). Calculate the greatest common divisor of u and k.
12
Let l = -420 + 460. What is the greatest common divisor of 1080 and l?
40
Let y be 69 + (5 - 5) - -3. What is the greatest common factor of 8 and y?
8
Let h(m) = 13*m - 135. Let k(a) = -7*a + 68. Let r(v) = -4*h(v) - 7*k(v). Let p be r(20). Calculate the greatest common divisor of 1 and p.
1
Let m be 5*12/10 - (-725 - 9). Calculate the greatest common factor of m and 20.
20
Let v = -146 + 155. Calculate the highest common divisor of v and 33.
3
Suppose 1208 = 7*x - 3713. What is the greatest common factor of 19 and x?
19
Let y be 77/11 - (-4)/(-2). Suppose 20 = g + 3*u, -4*g + 12 = -0*g - y*u. What is the greatest common divisor of g and 24?
8
Suppose -9*x = 189 + 126. Let p = x + 211. Calculate the greatest common factor of 22 and p.
22
Let o = -830 + 1105. Let m(u) = -5*u - 10. Let j be m(-7). What is the highest common divisor of o and j?
25
Let f be ((-1)/1)/1*199. Let i be 10/(-15) - f/(-3). Let t be (-2)/4*(i + 1). Calculate the highest common divisor of t and 11.
11
Let j(d) = d**3 + 10*d**2 + 14*d - 14. Let z be j(-8). What is the highest common factor of 18 and z?
2
Suppose 4*m - 248 = -2*g, -g = 3*m - 52 - 74. Let o(w) = 5*w - 5. Suppose -5*z + 8 = -3*z. Let i be o(z). What is the greatest common divisor of